{"id":280,"date":"2026-02-10T19:41:35","date_gmt":"2026-02-10T22:41:35","guid":{"rendered":"https:\/\/energysaver.com.ar\/home\/?post_type=product&#038;p=280"},"modified":"2026-03-23T17:19:23","modified_gmt":"2026-03-23T20:19:23","slug":"fse60h-30","status":"publish","type":"product","link":"https:\/\/energysaver.com.ar\/home\/shop\/fse60h-30\/","title":{"rendered":"Fuente Switching 30V 2A 60W Industrial Gabinete Plastico Escritorio"},"content":{"rendered":"<p>Fuente switching Energy Saver FSE60H-30, con salida de 30V 2A 60W, desarrollada para aplicaciones de escritorio, equipos electr\u00f3nicos, instrumentaci\u00f3n, automatizaci\u00f3n liviana y otros usos industriales. Como parte de nuestra l\u00ednea de fabricaci\u00f3n propia, esta fuente de alimentaci\u00f3n conmutada industrial de alta gama est\u00e1 pensada para servicio continuo y alta exigencia operativa.<\/p>\n<p>El modelo FSE60H 30 se presenta en gabinete pl\u00e1stico de escritorio, adecuado para aplicaciones de escritorio, equipamiento electr\u00f3nico, instrumentaci\u00f3n y usos t\u00e9cnicos donde se valora una soluci\u00f3n compacta y confiable. Est\u00e1 dise\u00f1ado para operar en forma continua 24\/7 a la m\u00e1xima potencia especificada, ofreciendo larga duraci\u00f3n, buena vida \u00fatil y un desempe\u00f1o estable.<\/p>\n","protected":false},"excerpt":{"rendered":"<p>Fuente Switching 30V 2A 60W Industrial Gabinete Plastico Escritorio<\/p>\n","protected":false},"featured_media":755,"template":"","meta":[],"product_brand":[27],"product_cat":[28,17],"product_tag":[],"familia":[402],"combinaciones_multiples":[],"class_list":{"0":"post-280","1":"product","2":"type-product","3":"status-publish","4":"has-post-thumbnail","6":"product_brand-energy-saver","7":"product_cat-fuentes-30v","8":"product_cat-fuentes-switching-ac-dc","9":"product_shipping_class-correo-argentino","10":"familia-fse60h","12":"first","13":"onbackorder","14":"taxable","15":"shipping-taxable","16":"purchasable","17":"product-type-simple"},"ct_brands":[{"id":27,"name":"Energy Saver","slug":"energy-saver"}],"_links":{"self":[{"href":"https:\/\/energysaver.com.ar\/home\/wp-json\/wp\/v2\/product\/280","targetHints":{"allow":["GET"]}}],"collection":[{"href":"https:\/\/energysaver.com.ar\/home\/wp-json\/wp\/v2\/product"}],"about":[{"href":"https:\/\/energysaver.com.ar\/home\/wp-json\/wp\/v2\/types\/product"}],"wp:featuredmedia":[{"embeddable":true,"href":"https:\/\/energysaver.com.ar\/home\/wp-json\/wp\/v2\/media\/755"}],"wp:attachment":[{"href":"https:\/\/energysaver.com.ar\/home\/wp-json\/wp\/v2\/media?parent=280"}],"wp:term":[{"taxonomy":"product_brand","embeddable":true,"href":"https:\/\/energysaver.com.ar\/home\/wp-json\/wp\/v2\/product_brand?post=280"},{"taxonomy":"product_cat","embeddable":true,"href":"https:\/\/energysaver.com.ar\/home\/wp-json\/wp\/v2\/product_cat?post=280"},{"taxonomy":"product_tag","embeddable":true,"href":"https:\/\/energysaver.com.ar\/home\/wp-json\/wp\/v2\/product_tag?post=280"},{"taxonomy":"familia","embeddable":true,"href":"https:\/\/energysaver.com.ar\/home\/wp-json\/wp\/v2\/familia?post=280"},{"taxonomy":"combinaciones_multiples","embeddable":true,"href":"https:\/\/energysaver.com.ar\/home\/wp-json\/wp\/v2\/combinaciones_multiples?post=280"}],"curies":[{"name":"wp","href":"https:\/\/api.w.org\/{rel}","templated":true}]}}