{"id":1583,"date":"2026-03-17T14:14:51","date_gmt":"2026-03-17T17:14:51","guid":{"rendered":"https:\/\/energysaver.com.ar\/home\/shop\/fuente-switching-24v-40a-960w-industrial-gabinete-metalico-riel-din\/"},"modified":"2026-03-23T17:58:11","modified_gmt":"2026-03-23T20:58:11","slug":"sdr-960-24","status":"publish","type":"product","link":"https:\/\/energysaver.com.ar\/home\/shop\/sdr-960-24\/","title":{"rendered":"Fuente Switching Mean Well 24V 40A 960W Industrial PFC Riel Din | SDR-960-24"},"content":{"rendered":"<p>Fuente switching industrial Mean Well SDR-960-24, con salida de 24V 40A 960W, pensada para automatizaci\u00f3n, control industrial y tableros el\u00e9ctricos de alta demanda con montaje sobre riel DIN. Esta fuente de alimentaci\u00f3n conmutada pertenece a una serie de elevada potencia, orientada a instalaciones donde se necesita una salida estable, alto rendimiento y buena capacidad de integraci\u00f3n.<\/p>\n<p>El modelo SDR960-24 trabaja con entrada AC de rango espec\u00edfico (180~264Vac), PFC activo, ventilaci\u00f3n natural, capacidad de pico del 130%, current sharing y contacto DC OK, adem\u00e1s de protecciones integradas contra cortocircuito, sobrecarga, sobretensi\u00f3n y sobretemperatura. Por sus prestaciones y su enfoque industrial, SDR960-24 es una fuente de alimentaci\u00f3n muy adecuada para servicio continuo sobre riel DIN.<\/p>\n","protected":false},"excerpt":{"rendered":"<p>Fuente switching industrial Mean Well SDR-960-24, con salida de 24V 40A 960W, pensada para automatizaci\u00f3n, control industrial y tableros el\u00e9ctricos de alta demanda con montaje sobre riel DIN. Esta fuente de alimentaci\u00f3n conmutada pertenece a una serie de elevada potencia, orientada a instalaciones donde se necesita una salida estable, alto rendimiento y buena capacidad de [&hellip;]<\/p>\n","protected":false},"featured_media":1521,"template":"","meta":[],"product_brand":[387],"product_cat":[34,17,21],"product_tag":[],"familia":[643],"combinaciones_multiples":[],"class_list":{"0":"post-1583","1":"product","2":"type-product","3":"status-publish","4":"has-post-thumbnail","6":"product_brand-meanwell","7":"product_cat-fuentes-24v","8":"product_cat-fuentes-switching-ac-dc","9":"product_cat-tension-de-salida","10":"product_shipping_class-correo-argentino","11":"familia-sdr-960","13":"first","14":"onbackorder","15":"taxable","16":"shipping-taxable","17":"product-type-simple"},"ct_brands":[{"id":387,"name":"Mean Well","slug":"meanwell"}],"_links":{"self":[{"href":"https:\/\/energysaver.com.ar\/home\/wp-json\/wp\/v2\/product\/1583","targetHints":{"allow":["GET"]}}],"collection":[{"href":"https:\/\/energysaver.com.ar\/home\/wp-json\/wp\/v2\/product"}],"about":[{"href":"https:\/\/energysaver.com.ar\/home\/wp-json\/wp\/v2\/types\/product"}],"wp:featuredmedia":[{"embeddable":true,"href":"https:\/\/energysaver.com.ar\/home\/wp-json\/wp\/v2\/media\/1521"}],"wp:attachment":[{"href":"https:\/\/energysaver.com.ar\/home\/wp-json\/wp\/v2\/media?parent=1583"}],"wp:term":[{"taxonomy":"product_brand","embeddable":true,"href":"https:\/\/energysaver.com.ar\/home\/wp-json\/wp\/v2\/product_brand?post=1583"},{"taxonomy":"product_cat","embeddable":true,"href":"https:\/\/energysaver.com.ar\/home\/wp-json\/wp\/v2\/product_cat?post=1583"},{"taxonomy":"product_tag","embeddable":true,"href":"https:\/\/energysaver.com.ar\/home\/wp-json\/wp\/v2\/product_tag?post=1583"},{"taxonomy":"familia","embeddable":true,"href":"https:\/\/energysaver.com.ar\/home\/wp-json\/wp\/v2\/familia?post=1583"},{"taxonomy":"combinaciones_multiples","embeddable":true,"href":"https:\/\/energysaver.com.ar\/home\/wp-json\/wp\/v2\/combinaciones_multiples?post=1583"}],"curies":[{"name":"wp","href":"https:\/\/api.w.org\/{rel}","templated":true}]}}