{"id":484,"date":"2026-02-11T16:19:41","date_gmt":"2026-02-11T19:19:41","guid":{"rendered":"https:\/\/energysaver.com.ar\/home\/?page_id=484"},"modified":"2026-02-13T14:59:11","modified_gmt":"2026-02-13T17:59:11","slug":"contacto","status":"publish","type":"page","link":"https:\/\/energysaver.com.ar\/home\/contacto\/","title":{"rendered":"Contacto"},"content":{"rendered":"\t\t<div data-elementor-type=\"wp-page\" data-elementor-id=\"484\" class=\"elementor elementor-484\">\n\t\t\t\t<div class=\"elementor-element elementor-element-cae779a e-con-full e-flex e-con e-parent\" data-id=\"cae779a\" data-element_type=\"container\" data-e-type=\"container\" data-settings=\"{&quot;background_background&quot;:&quot;classic&quot;}\">\n\t\t\t\t<\/div>\n\t\t<div class=\"elementor-element elementor-element-4808674 e-flex e-con-boxed e-con e-parent\" data-id=\"4808674\" data-element_type=\"container\" data-e-type=\"container\" data-settings=\"{&quot;background_background&quot;:&quot;classic&quot;}\">\n\t\t\t\t\t<div class=\"e-con-inner\">\n\t\t\t\t<div class=\"elementor-element elementor-element-73ef5b0 elementor-widget-tablet__width-initial elementor-widget-mobile__width-initial elementor-widget elementor-widget-heading\" data-id=\"73ef5b0\" data-element_type=\"widget\" data-e-type=\"widget\" data-widget_type=\"heading.default\">\n\t\t\t\t\t<h2 class=\"elementor-heading-title elementor-size-default\">Cont\u00e1ctenos<\/h2>\t\t\t\t<\/div>\n\t\t\t\t\t<\/div>\n\t\t\t\t<\/div>\n\t\t<div class=\"elementor-element elementor-element-b124aeb e-flex e-con-boxed e-con e-parent\" data-id=\"b124aeb\" data-element_type=\"container\" data-e-type=\"container\" data-settings=\"{&quot;background_background&quot;:&quot;classic&quot;}\">\n\t\t\t\t\t<div class=\"e-con-inner\">\n\t\t<div class=\"elementor-element elementor-element-4bbe813 e-con-full e-flex e-con e-child\" data-id=\"4bbe813\" data-element_type=\"container\" data-e-type=\"container\">\n\t\t\t\t<div class=\"elementor-element elementor-element-ec3aac9 elementor-widget elementor-widget-text-editor\" data-id=\"ec3aac9\" data-element_type=\"widget\" data-e-type=\"widget\" data-widget_type=\"text-editor.default\">\n\t\t\t\t\t\t\t\t\t<p><strong>Tel\u00e9fonos:<\/strong><br \/><a style=\"text-decoration: none;\" href=\"tel:+5491141164556\"> (011) 4116-4556 <\/a><br \/><a style=\"text-decoration: none;\" href=\"tel:+5491141164537\"> (011) 4116-4537 <\/a><\/p><p><strong>Mail:<\/strong><br \/><a style=\"text-decoration: none;\" href=\"mailto:ventas@energysaver.com.ar?\">ventas@energysaver.com.ar <\/a><\/p><p><strong> Whatsapp:<\/strong><br \/><a style=\"text-decoration: none;\" href=\"https:\/\/wa.me\/5491160250283\" target=\"_blank\" rel=\"noopener nofollow\">+ 54 911 6025-0283<\/a><\/p><p><strong>Direcci\u00f3n:<\/strong><br \/><a style=\"text-decoration: none;\" href=\"https:\/\/goo.gl\/maps\/JQT22FkSC25s24Gt5\" target=\"_blank\" rel=\"noopener nofollow\">Presidente Derqui 4985, Munro (CP 1605), Prov. Bs. As.<\/a><\/p><p><strong>Horario de Atenci\u00f3n:<\/strong><br \/>Lunes a Viernes de 9 a 12 y de 13 a 16hs<\/p>\t\t\t\t\t\t\t\t<\/div>\n\t\t\t\t<\/div>\n\t\t<div class=\"elementor-element elementor-element-a1c92bf e-con-full e-flex e-con e-child\" data-id=\"a1c92bf\" data-element_type=\"container\" data-e-type=\"container\">\n\t\t\t\t<div class=\"elementor-element elementor-element-7ac7ef8 animated-slow elementor-widget-tablet__width-initial elementor-widget__width-initial elementor-invisible elementor-widget elementor-widget-google_maps\" data-id=\"7ac7ef8\" data-element_type=\"widget\" data-e-type=\"widget\" data-settings=\"{&quot;_animation&quot;:&quot;fadeIn&quot;}\" data-widget_type=\"google_maps.default\">\n\t\t\t\t\t\t\t<div class=\"elementor-custom-embed\">\n\t\t\t<iframe loading=\"lazy\"\n\t\t\t\t\tsrc=\"https:\/\/maps.google.com\/maps?q=Energy%20Saver%20SA%2C%20Presidente%20Derqui%204985%2C%20Munro%2C%20Argentina&#038;t=m&#038;z=15&#038;output=embed&#038;iwloc=near\"\n\t\t\t\t\ttitle=\"Energy Saver SA, Presidente Derqui 4985, Munro, Argentina\"\n\t\t\t\t\taria-label=\"Energy Saver SA, Presidente Derqui 4985, Munro, Argentina\"\n\t\t\t><\/iframe>\n\t\t<\/div>\n\t\t\t\t\t\t<\/div>\n\t\t\t\t<\/div>\n\t\t\t\t\t<\/div>\n\t\t\t\t<\/div>\n\t\t\t\t<\/div>\n\t\t","protected":false},"excerpt":{"rendered":"<p>Cont\u00e1ctenos Tel\u00e9fonos: (011) 4116-4556 (011) 4116-4537 Mail:ventas@energysaver.com.ar Whatsapp:+ 54 911 6025-0283 Direcci\u00f3n:Presidente Derqui 4985, Munro (CP 1605), Prov. Bs. As. Horario de Atenci\u00f3n:Lunes a Viernes de 9 a 12 y de 13 a 16hs<\/p>\n","protected":false},"author":1,"featured_media":0,"parent":0,"menu_order":0,"comment_status":"closed","ping_status":"closed","template":"","meta":{"footnotes":""},"class_list":["post-484","page","type-page","status-publish","hentry"],"blocksy_meta":[],"_links":{"self":[{"href":"https:\/\/energysaver.com.ar\/home\/wp-json\/wp\/v2\/pages\/484","targetHints":{"allow":["GET"]}}],"collection":[{"href":"https:\/\/energysaver.com.ar\/home\/wp-json\/wp\/v2\/pages"}],"about":[{"href":"https:\/\/energysaver.com.ar\/home\/wp-json\/wp\/v2\/types\/page"}],"author":[{"embeddable":true,"href":"https:\/\/energysaver.com.ar\/home\/wp-json\/wp\/v2\/users\/1"}],"replies":[{"embeddable":true,"href":"https:\/\/energysaver.com.ar\/home\/wp-json\/wp\/v2\/comments?post=484"}],"version-history":[{"count":0,"href":"https:\/\/energysaver.com.ar\/home\/wp-json\/wp\/v2\/pages\/484\/revisions"}],"wp:attachment":[{"href":"https:\/\/energysaver.com.ar\/home\/wp-json\/wp\/v2\/media?parent=484"}],"curies":[{"name":"wp","href":"https:\/\/api.w.org\/{rel}","templated":true}]}}